7*h - 5. Calculate l(-6).
13
Let u(s) = -5*s + 13. Determine u(9).
-32
Let x(a) = -10*a + 17. What is x(5)?
-33
Let f(z) = z**2 + 13*z + 14. What is f(-12)?
2
Let r(q) = q**3 + 6*q**2 + 2*q - 8. Determine r(-5).
7
Let l(v) = 2*v**3 + 13*v**2 + 12*v - 1. Determine l(-6).
-37
Let b(u) = 26*u - 2. Calculate b(2).
50
Let t(c) = c**2 + 12*c + 20. What is t(-9)?
-7
Let x(h) = h**2 + 5*h - 28. Give x(-8).
-4
Let u(m) = -3*m**2 - 1. Determine u(-1).
-4
Let j(q) = 7*q - 42. What is j(5)?
-7
Let n(b) = -b**3 + 4*b**2 - 2*b + 2. Determine n(2).
6
Let n(q) = q**2 - 3. Calculate n(-2).
1
Let l(s) = -s**3 + s**2 - 3*s + 1. What is l(4)?
-59
Let t(m) = -m**3 - 4*m**2 + 6*m - 4. Give t(-5).
-9
Let k(t) = -2*t**3 + 4*t**2 - 2*t - 1. Give k(1).
-1
Let d(l) = 3*l**2 - 17*l + 4. Determine d(7).
32
Let f(y) = y**2 + 8*y + 11. Give f(-5).
-4
Let z(f) = 8*f**3 + 2*f**2 + 8*f + 14. Calculate z(-2).
-58
Let y(d) = d**2 - 25*d - 8. Give y(24).
-32
Let v(s) = 3*s**2 + 2*s + 1. Calculate v(3).
34
Let w(c) = 3*c + 5. What is w(0)?
5
Let w(z) = -10*z**2 - z - 1. What is w(1)?
-12
Let p(a) = a**3 - 10*a**2 + 20*a + 4. Calculate p(5).
-21
Let d(h) = h**3 + 42*h**2 + 80*h + 4. Calculate d(-40).
4
Let v(f) = f**2 - 66*f + 1043. What is v(26)?
3
Let t(n) = -28*n - 1. Determine t(1).
-29
Let p(r) = 2*r**3 + 64*r**2 - r + 59. What is p(-32)?
91
Let h(y) = 20*y**3 + 2*y**2 + 5*y - 3. Determine h(2).
175
Let v(m) = 17*m + 42. Determine v(6).
144
Let b(h) = h**3 - 4*h**2 - 30*h + 112. What is b(6)?
4
Let v(l) = l + 16. Determine v(-11).
5
Let a(h) = h**2 - 7*h + 13. Calculate a(4).
1
Let j(m) = -3*m**3 - 6*m**2 + 9*m + 12. Calculate j(-3).
12
Let y(f) = f**3 - 2*f**2 + 1. What is y(1)?
0
Let c(q) = 4*q**2 - 3*q - 4. Determine c(-3).
41
Let y(r) = r**3 - 6*r**2 - r - 14. Determine y(5).
-44
Let m(c) = -c**3 - 5*c**2 - 8*c - 6. Determine m(-4).
10
Let g(n) = -2*n**2 - 9*n + 13. What is g(-6)?
-5
Let d(g) = g**2 + 12*g + 8. Determine d(-10).
-12
Let f(n) = -4*n**2 + 5*n - 11. Give f(2).
-17
Let p(z) = z**3 + 9*z**2 - 30*z + 75. Calculate p(-12).
3
Let c(w) = -10*w + 136. What is c(13)?
6
Let q(t) = 20*t**2 + 6*t - 2. What is q(1)?
24
Let d(v) = 3*v - 4. Give d(7).
17
Let i(g) = -g**2 - 6*g - 1. What is i(-9)?
-28
Let w(x) = -6*x - 25. Give w(-3).
-7
Let a(s) = 4*s + 48. Determine a(-12).
0
Let q(z) = 5*z - 5. Determine q(7).
30
Let a(u) = u**3 + 3*u**2 - 27*u + 25. What is a(3)?
-2
Let t(n) = -n**2 - 12*n - 29. Give t(-9).
-2
Let i(d) = -d - 26. Give i(-9).
-17
Let n(i) = i**2 + 19*i - 7. What is n(-17)?
-41
Let z(d) = -d**3 - 10*d**2 - 12*d - 1. What is z(-9)?
26
Let p(j) = -100*j - 383. Determine p(-4).
17
Let k(d) = d**3 - 15*d**2 + 20*d - 25. Calculate k(14).
59
Let t(q) = q**3 + 6*q**2 + 2*q - 9. What is t(-5)?
6
Let t(w) = 5*w**3 + 3*w + 2. What is t(-1)?
-6
Let q(x) = -22*x + 88. What is q(5)?
-22
Let k(m) = 10*m - 255. Calculate k(25).
-5
Let k(v) = -v**2 - 22*v + 405. Give k(-34).
-3
Let p(l) = -l + 27. What is p(15)?
12
Let h(t) = t**3 + 3*t**2 + 2*t + 2. What is h(-4)?
-22
Let r(c) = c**3 - 5*c**2 + 10*c - 14. Determine r(4).
10
Let o(z) = 12*z - 15. Calculate o(4).
33
Let s(j) = j**2 + 14*j + 12. Calculate s(-13).
-1
Let z(y) = -y**2 - 3*y + 5. Calculate z(-9).
-49
Let x(v) = -4*v - 22. Calculate x(-21).
62
Let j(g) = -3*g - 15. Give j(-12).
21
Let w(x) = 2*x**2 - 3*x + 1. Give w(-4).
45
Let q(p) = p**3 - 2*p**2 - 8. Give q(3).
1
Let u(k) = -4*k - 102. Give u(-29).
14
Let b(a) = a**3 + 15*a**2 - 35*a - 13. What is b(-17)?
4
Let d(r) = -9*r - 75. Give d(-7).
-12
Let x(u) = u**2 - 17*u + 40. Give x(12).
-20
Let f(l) = l**2 - 5*l - 14. What is f(6)?
-8
Let b(n) = -4*n**2 + 4*n - 3. Calculate b(2).
-11
Let m(i) = 3*i - 7. What is m(3)?
2
Let i(k) = 5*k - 11. Give i(-4).
-31
Let z(k) = 3*k + 3. Calculate z(0).
3
Let n(p) = 25*p + 6. What is n(-2)?
-44
Let o(d) = d**3 + 7*d**2 + 14*d + 21. Give o(-5).
1
Let n(s) = -s**3 + 4*s**2 - 3*s + 2. What is n(4)?
-10
Let a(y) = 8*y - 1. What is a(5)?
39
Let q(t) = -t**3 - t**2 + 8*t + 3. Calculate q(-5).
63
Let l(w) = 24*w**2 - w. Calculate l(1).
23
Let p(z) = -z**3 + 4*z**2 + 5*z - 5. Determine p(5).
-5
Let w(d) = d**3 + 9*d**2 + 2*d - 7. Determine w(-6).
89
Let q(m) = -m**2 + 13*m + 9. Give q(7).
51
Let i(b) = b**3 + 15*b**2 + 50*b - 44. What is i(-9)?
-8
Let y(z) = -2*z + 11. Determine y(6).
-1
Let x(s) = -148*s - 584. What is x(-4)?
8
Let f(p) = 5*p + 20. Determine f(-5).
-5
Let v(t) = -12*t + 295. Determine v(26).
-17
Let m(a) = -5*a - 41. Determine m(-10).
9
Let i(p) = p**3 - 10*p**2 + p + 34. What is i(10)?
44
Let f(n) = 5*n + 69. Give f(-16).
-11
Let h(r) = -r**3 + 4*r**2 - 2*r - 5. Give h(4).
-13
Let k(z) = -7*z - 41. What is k(-5)?
-6
Let u(v) = -v**2 + 25*v - 46. Determine u(23).
0
Let f(l) = l**3 + 9*l**2 + 14*l - 11. Calculate f(-7).
-11
Let p(j) = -j**2 - 9*j. Give p(-6).
18
Let s(r) = -r**3 + 6*r**2 + 6*r + 8. What is s(7)?
1
Let x(j) = -j**2 - 30*j + 400. What is x(10)?
0
Let v(t) = t**3 + 4*t**2 + 3*t - 2. Give v(-4).
-14
Let s(k) = -k**3 - 6*k**2 + 2*k - 33. Determine s(-7).
2
Let o(t) = -14*t + 146. Calculate o(11).
-8
Let a(m) = m**2 + 5*m. Determine a(-6).
6
Let p(o) = -o**2 + 4*o + 3. Give p(-4).
-29
Let d(q) = 3*q - 1. Give d(6).
17
Let w(q) = q**3 + 2*q**2 - 12*q - 9. Give w(-5).
-24
Let k(x) = x**3 - x**2 + 10*x - 8. What is k(2)?
16
Let z(v) = 25*v - 164. Determine z(7).
11
Let x(t) = -t**2 - 2*t - 8. What is x(5)?
-43
Let r(s) = 2*s**3 + 3*s**2 - 5. What is r(-2)?
-9
Let l(i) = -2*i - 4. What is l(-2)?
0
Let x(d) = 2*d**3 - 11*d**2 - 15*d - 4. Determine x(7).
38
Let s(y) = -5*y**2 + 16*y - 14. Determine s(2).
-2
Let v(a) = -a**3 + 16*a**2 + 56*a + 18. What is v(19)?
-1
Let g(c) = -c**2 - 121*c - 585. What is g(-5)?
-5
Let l(a) = -2*a**2 + 56*a - 1. What is l(28)?
-1
Let k(d) = -9*d + 2. Calculate k(3).
-25
Let b(q) = -q**3 + 13*q**2 + 46*q + 28. Calculate b(16).
-4
Let w(v) = -3*v - 41. Calculate w(-14).
1
Let r(g) = 3*g - 85. Give r(26).
-7
Let x(l) = -14*l**3 - l**2 - l + 2. Calculate x(-2).
112
Let x(v) = -3*v**2 - 42*v + 47. Determine x(-15).
2
Let t(b) = -b**3 - 6*b**2 - 45*b - 273. Give t(-6).
-3
Let y(q) = -q**2 + 14*q + 41. Determine y(22).
-135
Let l(m) = 4*m + 36. What is l(-11)?
-8
Let z(l) = -l**3 - 8*l**2 + 6*l - 33. Determine z(-9).
-6
Let q(c) = c**3 + 16*c**2 - 37*c - 15. Give q(-18).
3
Let v(f) = -31*f - 108. Determine v(-6).
78
Let v(a) = 4*a - 13. Determine v(-4).
-29
Let k(s) = s**2 + 55*s + 377. Determine k(-8).
1
Let p(j) = -j**2 + 8*j - 20. Calculate p(11).
-53
Let r(x) = -x**3 + 5*x**2 - 4. What is r(5)?
-4
Let m(l) = 4*l**2 + 3*l + 1. What is m(-2)?
11
Let y(x) = -4*x**3 - 7*x**2 - 3*x - 6. Determine y(-3).
48
Let t(b) = 5*b**2 - 3*b - 3. Determine t(-2).
23
Let u(y) = y**3 + y**2 - 2*y + 1. What is u(-3)?
-11
Let d(b) = -b**2 - 10*b - 11. What is d(-2)?
5
Let q(s) = -2*s - 5. Determine q(-13).
21
Let o(u) = 9*u**2 - 2*u + 1. Give o(1).
8
Let h(i) = i**2 + 47*i - 632. What is h(-58)?
6
Let w(d) = -d + 33. Calculate w(10).
23
Let u(w) = -3*w**2 - w + 7. What is u(-3)?
-17
Let o(s) = s**2 - 5*s - 11. Determine o(6).
-5
Let q(y) = y**2 - 20*y + 62. Calculate q(16).
-2
Let i(d) = -d**2 - 18*d - 11. What is i(-17)?
6
Let n(h) = -h**2 - 8*h - 6. What is n(-8)?
-6
Let h(q) = 9*q - 182. Give h(22).
16
Let r(m) = 9*m**2 - 1. Calculate r(1).
8
Let z(u) = -u**3 - 7*u**2 - 2*u + 3. Give z(-7).
17
Let q(w) = 8*w + 3. Give q(-6).
-45
Let r(o) = o**2 - o - 12. Calculate r(5).
8
Let v(p) = 2*p**3 + 20*p**2 + 3. What is v(-10)?
3
Let d(u) = u**3 + 3*u**2 + 11*u - 4. Calculate d(-6).
-178
Let o(u) = u**2 + 2*u - 2. What is o(-6)?
22
Let j(d) = -33*d - 12. Give j(0).
-12
Let j(m) = m**3 - 4*m**2 - 2*m - 6. Calculate j(4).
-14
Let a(s) = 3*s - 2. Calculate a(-1).
-5
Let b(z) = z**3 - 12*z**2 + 9*z - 8. Calculate b(11).
-30
Let g(s) = -s**2 - 11*s + 39. Give g(-9).
57
Let p(u) = u**3 + 16*u**2 - 58*u - 16. What is p(-19)?
3
Let o(v) = v**3 + 7*v**2 + 9*v + 21. Determine o(-6).
3
Let b(a) = -3*a**2 + 32*a + 7. Give b(7).
84
Let c(j) = j**2 - 25*j + 42. Determine c(23).
-4
Let s(w) = w**3 + 11*w**2 - 14*w - 1. Calculate s(-12).
23
Let j(z) = 8*z - 28. Determine j(3).
-4
Let k(b) = -b**3 - 77*b**2 - 84*b - 611. What is k(-76)?
-3
Let v(o) = -o + 1. Determine v(-5).
6
Let k(i) = -i**3 + 7*i**2 + 7*i + 1. Det